NOAA-style Climate Reports

   V/Λ SELECT: Month and Year   OR  >   Month
V/Λ2022 > Jan Feb Mar Apr May Jun Jul Aug Sep Oct Nov Dec
V/Λ2021 > Jan Feb Mar Apr May Jun Jul Aug Sep Oct Nov Dec
                   Monthly Climatological Summary for mai 2022

Name: MEYRARGUES   City: MEYRARGUES   State: FRANCE
Elevation: 235 m  Lat: N 43° 38' 16"   Lon: E 005° 31' 39"

                  Temperature (°C), Rain (mm), Wind Speed (km/h)

                                      Heat  Cool        Avg
    Mean                              Deg   Deg         Wind                 Dom
Day Temp  High   Time   Low    Time   Days  Days  Rain  Speed High   Time    Dir
----------------------------------------------------------------------------------
01  15,1  25,2   15:24   4,7   06:37   4,7   1,6   0,0   0,3   9,7   18:41    SE
02  15,0  24,9   14:18   5,2   06:43   4,7   1,5   0,0   0,5  12,9   17:47    SE
03  14,6  23,3   11:50   9,0   23:52   4,3   0,6   0,0   0,5  14,5   14:27    SE
04  14,8  25,2   16:03   5,3   06:14   4,7   1,3   0,0   0,4  11,3   18:36   ESE
05  14,3  21,9   15:57  10,4   04:47   4,2   0,2   2,6   0,2  12,9   14:38    SE
06  14,4  23,6   15:00   7,4   06:37   4,5   0,7   0,2   0,0   4,8   12:04     N
07  15,4  25,8   12:50   8,2   06:33   4,4   1,6  15,6   0,4  24,1   17:30   ESE
08  13,3  20,0   12:42  10,0   03:32   5,0   0,0  12,0   0,2  11,3   09:05    SE
09  17,0  26,7   14:18   9,3   03:45   3,4   2,1   0,2   0,6  14,5   07:59   ESE
10  18,4  28,2   14:40   9,6   06:04   2,6   2,7   0,0   0,3  14,5   16:23   ESE
11  17,9  27,1   13:54   9,1   06:15   3,1   2,7   0,0   0,6  11,3   14:10   ESE
12  17,6  27,3   15:09   8,2   06:21   3,4   2,7   0,0   0,5  11,3   15:43   ESE
13  18,3  27,4   15:22   9,5   06:50   3,0   3,0   0,0   0,3  11,3   16:59    SE
14  19,5  30,0   15:24  10,0   06:22   2,3   3,5   0,0   0,4   9,7   07:36    SE
15  20,1  29,5   14:02  12,3   06:39   1,8   3,6   0,0   0,4   9,7   14:37   ESE
16  20,1  29,9   14:54  11,0   06:48   2,0   3,8   0,0   0,8  12,9   12:22    SE
17  20,6  31,8   15:30  10,3   05:55   2,1   4,4   0,0   0,5  11,3   16:46   ESE
18  21,9  32,4   14:24  11,7   06:09   1,5   5,1   0,0   0,9  16,1   15:17    SE
19  22,6  32,1   15:25  13,6   04:31   1,0   5,3   0,0   1,2  20,9   09:38    SE
20  21,8  31,9   15:21  12,0   06:12   1,5   5,0   0,0   0,9  11,3   15:56    SE
21  22,0  32,4   14:09  12,5   06:38   1,5   5,1   0,0   0,5  11,3   16:22   ESE
22  22,6  35,3   15:23  13,2   06:26   1,3   5,5   0,0   0,4   9,7   10:16    SE
23  21,7  30,2   16:20  14,5   02:57   0,7   4,1   0,0   0,7  14,5   13:42    SE
24  20,6  27,5   12:48  14,2   06:11   0,6   3,0   0,0   0,2   8,0   09:08    SE
25  19,3  25,2   12:28  14,3   03:10   1,2   2,2   0,0   0,4  11,3   18:22    SE
26  20,2  31,5   15:42  11,6   06:28   1,5   3,4   0,2   0,3  14,5   16:52   SSE
27  22,8  34,1   14:15  13,7   06:19   1,1   5,6   0,0   0,1   4,8   14:32   SSE
----------------------------------------------------------------------------------
    18,6  35,3    22     4,7     1    72,1  80,3  30,8   0,5  24,1     7      SE

Max >=  27,0 17
Max <=   0,0  0
Min <=   0,0  0
Min <= -18,0  0
Max Rain: 15,6 on day 7
Days of Rain: 6 (>= 0,2 mm)  3 (>= 2,0 mm)  0 (>= 20,0 mm)
Heat Base: 18,3  Cool Base: 18,3  Method: Integration

Powered by Davis Vantage Pro2  and   CumulusMX   v 3.15.0 (b3169)   MXUI Template v 2.2.1 by  Silver Acorn     Valid HTML5