NOAA-style Climate Reports

   V/Λ SELECT: Month and Year   OR  >   Month
2021 > Jan Feb Mar Apr May Jun Jul Aug Sep Oct Nov Dec
                   Monthly Climatological Summary for sept. 2021

Name: MEYRARGUES   City: MEYRARGUES   State: FRANCE
Elevation: 235 m  Lat: N 43° 38' 16"   Lon: E 005° 31' 39"

                  Temperature (°C), Rain (mm), Wind Speed (km/h)

                                      Heat  Cool        Avg
    Mean                              Deg   Deg         Wind                 Dom
Day Temp  High   Time   Low    Time   Days  Days  Rain  Speed High   Time    Dir
----------------------------------------------------------------------------------
01  20,8  31,2   14:03  13,0   04:18   1,6   4,0   0,0   0,2   3,2   00:34   SSE
02  21,0  28,4   12:48  14,7   02:17   0,5   3,2   0,2   1,8  30,6   10:25   ESE
03  20,3  28,3   13:50  16,2   23:52   0,3   2,4  15,6   1,0  24,1   12:34   ESE
04  20,1  29,3   13:58  13,9   04:26   1,3   3,1   0,2   0,5  11,3   15:34     E
05  21,8  31,8   15:12  13,7   07:00   1,1   4,5   0,0   0,3  11,3   17:46    SE
06  22,0  32,4   14:07  14,2   07:19   0,9   4,6   0,0   0,5  16,1   16:11   ESE
07  22,9  32,3   14:58  16,8   05:06   0,2   4,8   0,0   0,0   9,7   01:54    SE
08  22,0  30,3   13:50  14,7   03:43   0,6   4,3   0,0   0,0   0,0   00:00     N
09  23,3  29,8   15:00  19,2   00:00   0,0   4,9   0,0   0,0   0,0   00:00     N
10  18,7  22,6   11:00  15,1   23:58   0,3   0,7   2,2   0,0   3,2   17:19     N
11  20,4  30,5   15:08  11,6   07:34   1,9   4,1   0,0   0,3  12,9   09:28   SSE
12  21,4  31,6   15:00  12,2   07:09   1,3   4,4   0,0   0,6   9,7   16:47    SE
13  20,9  30,6   13:44  12,0   07:18   1,5   4,1   0,0   0,6  12,9   09:23   ESE
14  20,7  27,1   18:22  16,2   04:27   0,3   2,7   0,0   0,8  14,5   15:26    SE
15  23,1  28,5   15:23  17,8   23:59   0,0   4,8  27,8   2,3  19,3   11:31    SE
16  18,5  22,0   13:42  16,7   03:37   0,4   0,7  29,0   0,5  16,1   01:35    SE
17  20,3  26,9   14:54  16,6   07:25   0,5   2,5   0,0   0,3   9,7   15:24   WNW
----------------------------------------------------------------------------------
    21,1  32,4     6    11,6    11    12,7  59,8  75,0   0,6  30,6     2      SE

Max >=  27,0 14
Max <=   0,0  0
Min <=   0,0  0
Min <= -18,0  0
Max Rain: 29,0 on day 16
Days of Rain: 6 (>= 0,2 mm)  4 (>= 2,0 mm)  2 (>= 20,0 mm)
Heat Base: 18,3  Cool Base: 18,3  Method: Integration

Powered by Davis Vantage Pro2  and   CumulusMX   v 3.10.5 (b3122)   MXUI Template v 2.2.1 by  Silver Acorn     Valid HTML5